{"id":1157,"date":"2022-06-08T18:34:06","date_gmt":"2022-06-08T16:34:06","guid":{"rendered":"https:\/\/michiokurata.com\/?page_id=1157"},"modified":"2024-08-29T20:40:19","modified_gmt":"2024-08-29T18:40:19","slug":"moto","status":"publish","type":"page","link":"https:\/\/michiokurata.com\/?page_id=1157","title":{"rendered":"Moto"},"content":{"rendered":"\n<p class=\"has-medium-font-size\">Tu passes le permis en 1993, et tout de suite, imm\u00e9diatement, &#8230; en 2005&#8230; tu ach\u00e8tes ta premi\u00e8re moto !<\/p>\n\n\n<div class=\"aioseo-breadcrumbs\"><span class=\"aioseo-breadcrumb\">\n\t\t\tHome\n\t\t<\/span><\/div>\n\n\n<p><\/p>\n\n\n\n<div class=\"wp-block-columns alignfull are-vertically-aligned-center is-style-default is-layout-flex wp-container-core-columns-is-layout-9d6595d7 wp-block-columns-is-layout-flex\">\n<div class=\"wp-block-column is-vertically-aligned-center is-layout-flow wp-block-column-is-layout-flow\" style=\"flex-basis:40%\">\n<p class=\"has-text-align-left has-light-gray-color has-text-color has-medium-font-size\" style=\"line-height:1\">L\u00e0, tout s&rsquo;encha\u00eene : balades, essais, balades, nouvelle moto, balades, essais, balades, &#8230;<br><br>Tu rencontres plein de copains, tu apprends \u00e0 rouler, tu d\u00e9couvres plein de magnifiques coins et encore plus de magnifiques personnes !<br><\/p>\n<\/div>\n\n\n\n<div class=\"wp-block-column is-vertically-aligned-center is-layout-flow wp-block-column-is-layout-flow\" style=\"flex-basis:60%\">\n<figure class=\"wp-block-image\"><img loading=\"lazy\" decoding=\"async\" width=\"1024\" height=\"640\" src=\"https:\/\/michiokurata.com\/wp-content\/uploads\/2022\/06\/FOND-SITE-MOTO-1024x640.jpg\" alt=\"\" class=\"wp-image-1333\" srcset=\"https:\/\/michiokurata.com\/wp-content\/uploads\/2022\/06\/FOND-SITE-MOTO-1024x640.jpg 1024w, https:\/\/michiokurata.com\/wp-content\/uploads\/2022\/06\/FOND-SITE-MOTO-300x188.jpg 300w, https:\/\/michiokurata.com\/wp-content\/uploads\/2022\/06\/FOND-SITE-MOTO-768x480.jpg 768w, https:\/\/michiokurata.com\/wp-content\/uploads\/2022\/06\/FOND-SITE-MOTO-1536x960.jpg 1536w, https:\/\/michiokurata.com\/wp-content\/uploads\/2022\/06\/FOND-SITE-MOTO-2048x1280.jpg 2048w\" sizes=\"auto, (max-width: 706px) 89vw, (max-width: 767px) 82vw, 740px\" \/><\/figure>\n<\/div>\n<\/div>\n\n\n\n<div class=\"wp-block-media-text alignwide is-stacked-on-mobile\" style=\"grid-template-columns:45% auto\"><figure class=\"wp-block-media-text__media\"><img loading=\"lazy\" decoding=\"async\" width=\"1024\" height=\"640\" src=\"https:\/\/michiokurata.com\/wp-content\/uploads\/2022\/07\/FOND-BALADE-RUBRIQUE-1024x640.jpg\" alt=\"\" class=\"wp-image-1345 size-full\" srcset=\"https:\/\/michiokurata.com\/wp-content\/uploads\/2022\/07\/FOND-BALADE-RUBRIQUE-1024x640.jpg 1024w, https:\/\/michiokurata.com\/wp-content\/uploads\/2022\/07\/FOND-BALADE-RUBRIQUE-300x188.jpg 300w, https:\/\/michiokurata.com\/wp-content\/uploads\/2022\/07\/FOND-BALADE-RUBRIQUE-768x480.jpg 768w, https:\/\/michiokurata.com\/wp-content\/uploads\/2022\/07\/FOND-BALADE-RUBRIQUE-1536x960.jpg 1536w, https:\/\/michiokurata.com\/wp-content\/uploads\/2022\/07\/FOND-BALADE-RUBRIQUE-2048x1280.jpg 2048w\" sizes=\"auto, (max-width: 706px) 89vw, (max-width: 767px) 82vw, 740px\" \/><\/figure><div class=\"wp-block-media-text__content\">\n<p class=\"has-medium-font-size\"><a href=\"https:\/\/michiokurata.com\/?page_id=1596\" target=\"_blank\" rel=\"noopener\">Les balades &#8211; trips<\/a><\/p>\n<\/div><\/div>\n\n\n\n<div class=\"wp-block-media-text alignwide is-stacked-on-mobile\" style=\"grid-template-columns:45% auto\"><figure class=\"wp-block-media-text__media\"><a href=\"https:\/\/michiokurata.com\/?page_id=1400\" target=\"_blank\" rel=\"noreferrer noopener\"><img loading=\"lazy\" decoding=\"async\" width=\"1024\" height=\"640\" src=\"https:\/\/michiokurata.com\/wp-content\/uploads\/2022\/07\/FOND-TEST-MATOS-MOTO-1024x640.jpg\" alt=\"\" class=\"wp-image-1346 size-full\" srcset=\"https:\/\/michiokurata.com\/wp-content\/uploads\/2022\/07\/FOND-TEST-MATOS-MOTO-1024x640.jpg 1024w, https:\/\/michiokurata.com\/wp-content\/uploads\/2022\/07\/FOND-TEST-MATOS-MOTO-300x188.jpg 300w, https:\/\/michiokurata.com\/wp-content\/uploads\/2022\/07\/FOND-TEST-MATOS-MOTO-768x480.jpg 768w, https:\/\/michiokurata.com\/wp-content\/uploads\/2022\/07\/FOND-TEST-MATOS-MOTO-1536x960.jpg 1536w, https:\/\/michiokurata.com\/wp-content\/uploads\/2022\/07\/FOND-TEST-MATOS-MOTO-2048x1280.jpg 2048w\" sizes=\"auto, (max-width: 706px) 89vw, (max-width: 767px) 82vw, 740px\" \/><\/a><\/figure><div class=\"wp-block-media-text__content\">\n<p class=\"has-medium-font-size\"><a href=\"https:\/\/michiokurata.com\/?page_id=1400\" target=\"_blank\" rel=\"noopener\">Le matos &#8211; Bike gear<\/a><\/p>\n<\/div><\/div>\n\n\n\n<p class=\"has-text-align-center has-x-large-font-size\">Coming soon :<\/p>\n\n\n\n<div class=\"wp-block-media-text alignwide is-stacked-on-mobile\" style=\"grid-template-columns:45% auto\"><figure class=\"wp-block-media-text__media\"><img loading=\"lazy\" decoding=\"async\" width=\"1024\" height=\"640\" src=\"https:\/\/michiokurata.com\/wp-content\/uploads\/2022\/07\/FOND-ESSAI-Rubrique-1-1024x640.jpg\" alt=\"\" class=\"wp-image-1344 size-full\" srcset=\"https:\/\/michiokurata.com\/wp-content\/uploads\/2022\/07\/FOND-ESSAI-Rubrique-1-1024x640.jpg 1024w, https:\/\/michiokurata.com\/wp-content\/uploads\/2022\/07\/FOND-ESSAI-Rubrique-1-300x188.jpg 300w, https:\/\/michiokurata.com\/wp-content\/uploads\/2022\/07\/FOND-ESSAI-Rubrique-1-768x480.jpg 768w, https:\/\/michiokurata.com\/wp-content\/uploads\/2022\/07\/FOND-ESSAI-Rubrique-1-1536x960.jpg 1536w, https:\/\/michiokurata.com\/wp-content\/uploads\/2022\/07\/FOND-ESSAI-Rubrique-1-2048x1280.jpg 2048w\" sizes=\"auto, (max-width: 706px) 89vw, (max-width: 767px) 82vw, 740px\" \/><\/figure><div class=\"wp-block-media-text__content\">\n<p class=\"has-medium-font-size\">Les essais<\/p>\n<\/div><\/div>\n\n\n\n<div class=\"wp-block-media-text alignwide is-stacked-on-mobile\" style=\"grid-template-columns:45% auto\"><figure class=\"wp-block-media-text__media\"><img loading=\"lazy\" decoding=\"async\" width=\"1024\" height=\"640\" src=\"https:\/\/michiokurata.com\/wp-content\/uploads\/2022\/07\/FOND-VLOG-RUBRIQUE-1024x640.jpg\" alt=\"\" class=\"wp-image-1347 size-full\" srcset=\"https:\/\/michiokurata.com\/wp-content\/uploads\/2022\/07\/FOND-VLOG-RUBRIQUE-1024x640.jpg 1024w, https:\/\/michiokurata.com\/wp-content\/uploads\/2022\/07\/FOND-VLOG-RUBRIQUE-300x188.jpg 300w, https:\/\/michiokurata.com\/wp-content\/uploads\/2022\/07\/FOND-VLOG-RUBRIQUE-768x480.jpg 768w, https:\/\/michiokurata.com\/wp-content\/uploads\/2022\/07\/FOND-VLOG-RUBRIQUE-1536x960.jpg 1536w, https:\/\/michiokurata.com\/wp-content\/uploads\/2022\/07\/FOND-VLOG-RUBRIQUE-2048x1280.jpg 2048w\" sizes=\"auto, (max-width: 706px) 89vw, (max-width: 767px) 82vw, 740px\" \/><\/figure><div class=\"wp-block-media-text__content\">\n<p class=\"has-medium-font-size\">VLOG<\/p>\n<\/div><\/div>\n\n\n<ul class=\"wp-block-latest-posts__list has-dates wp-block-latest-posts\"><li><a class=\"wp-block-latest-posts__post-title\" href=\"https:\/\/michiokurata.com\/?p=2005\">Le mat\u00e9riel du motard geek<\/a><time datetime=\"2025-07-17T12:16:05+02:00\" class=\"wp-block-latest-posts__post-date\">17\/07\/2025<\/time><\/li>\n<li><a class=\"wp-block-latest-posts__post-title\" href=\"https:\/\/michiokurata.com\/?p=2112\">Picos de Europa 2023, Episode 4<\/a><time datetime=\"2024-08-29T17:36:00+02:00\" class=\"wp-block-latest-posts__post-date\">29\/08\/2024<\/time><\/li>\n<li><a class=\"wp-block-latest-posts__post-title\" href=\"https:\/\/michiokurata.com\/?p=2078\">Nation&rsquo;Alpes 2024<\/a><time datetime=\"2024-07-22T20:14:49+02:00\" class=\"wp-block-latest-posts__post-date\">22\/07\/2024<\/time><\/li>\n<li><a class=\"wp-block-latest-posts__post-title\" href=\"https:\/\/michiokurata.com\/?p=2052\">Les Picos de Europa 2023, Episode 3<\/a><time datetime=\"2024-03-03T21:00:49+02:00\" class=\"wp-block-latest-posts__post-date\">03\/03\/2024<\/time><\/li>\n<li><a class=\"wp-block-latest-posts__post-title\" href=\"https:\/\/michiokurata.com\/?p=1998\">Les Picos de Europa 2023, \u00e9pisode 2<\/a><time datetime=\"2024-01-26T17:27:06+02:00\" class=\"wp-block-latest-posts__post-date\">26\/01\/2024<\/time><\/li>\n<li><a class=\"wp-block-latest-posts__post-title\" href=\"https:\/\/michiokurata.com\/?p=1966\">Les Picos de Europa 2023, \u00e9pisode 1<\/a><time datetime=\"2023-12-08T21:41:56+02:00\" class=\"wp-block-latest-posts__post-date\">08\/12\/2023<\/time><\/li>\n<li><a class=\"wp-block-latest-posts__post-title\" href=\"https:\/\/michiokurata.com\/?p=1959\">L&rsquo;Heureux Tour 2023<\/a><time datetime=\"2023-11-14T17:39:54+02:00\" class=\"wp-block-latest-posts__post-date\">14\/11\/2023<\/time><\/li>\n<li><a class=\"wp-block-latest-posts__post-title\" href=\"https:\/\/michiokurata.com\/?p=1881\">V\u00eatements chauffants Keis : pantalon T103RP et veste J505RP<\/a><time datetime=\"2023-10-12T16:11:45+02:00\" class=\"wp-block-latest-posts__post-date\">12\/10\/2023<\/time><\/li>\n<li><a class=\"wp-block-latest-posts__post-title\" href=\"https:\/\/michiokurata.com\/?p=1929\">Avesnois 2022 : c&rsquo;est le Nooooord !<\/a><time datetime=\"2023-10-12T14:52:44+02:00\" class=\"wp-block-latest-posts__post-date\">12\/10\/2023<\/time><\/li>\n<li><a class=\"wp-block-latest-posts__post-title\" href=\"https:\/\/michiokurata.com\/?p=1871\">MotoTour2022, \u00e9pisode 8 : Les Grands Cols<\/a><time datetime=\"2023-02-07T21:30:40+02:00\" class=\"wp-block-latest-posts__post-date\">07\/02\/2023<\/time><\/li>\n<li><a class=\"wp-block-latest-posts__post-title\" href=\"https:\/\/michiokurata.com\/?p=1829\">MotoTour2022, \u00e9pisode 7 : col de la Bonette<\/a><time datetime=\"2022-12-16T19:14:15+02:00\" class=\"wp-block-latest-posts__post-date\">16\/12\/2022<\/time><\/li>\n<li><a class=\"wp-block-latest-posts__post-title\" href=\"https:\/\/michiokurata.com\/?p=1746\">MotoTour 2022, \u00e9pisode 6 : la Route des Grandes Alpes.<\/a><time datetime=\"2022-11-27T17:21:22+02:00\" class=\"wp-block-latest-posts__post-date\">27\/11\/2022<\/time><\/li>\n<li><a class=\"wp-block-latest-posts__post-title\" href=\"https:\/\/michiokurata.com\/?p=1715\">Voyage \u00e0 moto MotoTour 2022, \u00e9pisode 3, 4 et 5 : Gorges du Verdon, Gorges de Daluis, Col de la Couillole<\/a><time datetime=\"2022-10-28T11:13:11+02:00\" class=\"wp-block-latest-posts__post-date\">28\/10\/2022<\/time><\/li>\n<li><a class=\"wp-block-latest-posts__post-title\" href=\"https:\/\/michiokurata.com\/?p=1665\">Voyage \u00e0 moto MotoTour 2022, \u00e9pisode 2<\/a><time datetime=\"2022-10-09T17:06:10+02:00\" class=\"wp-block-latest-posts__post-date\">09\/10\/2022<\/time><\/li>\n<li><a class=\"wp-block-latest-posts__post-title\" href=\"https:\/\/michiokurata.com\/?p=1572\">Voyage \u00e0 moto MotoTour 2022, \u00e9pisode 1<\/a><time datetime=\"2022-09-26T12:20:12+02:00\" class=\"wp-block-latest-posts__post-date\">26\/09\/2022<\/time><\/li>\n<li><a class=\"wp-block-latest-posts__post-title\" href=\"https:\/\/michiokurata.com\/?p=1560\">Teaser de notre balade MotoTour 2022<\/a><time datetime=\"2022-09-12T16:04:30+02:00\" class=\"wp-block-latest-posts__post-date\">12\/09\/2022<\/time><\/li>\n<li><a class=\"wp-block-latest-posts__post-title\" href=\"https:\/\/michiokurata.com\/?p=1438\">Insta360 One X2 : premiers essais<\/a><time datetime=\"2022-07-07T15:58:24+02:00\" class=\"wp-block-latest-posts__post-date\">07\/07\/2022<\/time><\/li>\n<\/ul>","protected":false},"excerpt":{"rendered":"<p>Tu passes le permis en 1993, et tout de suite, imm\u00e9diatement, &#8230; en 2005&#8230; tu ach\u00e8tes ta premi\u00e8re moto ! L\u00e0, tout s&rsquo;encha\u00eene : balades, essais, balades, nouvelle moto, balades, essais, balades, &#8230; Tu rencontres plein de copains, tu apprends \u00e0 rouler, tu d\u00e9couvres plein de magnifiques coins et encore plus de magnifiques personnes ! &hellip; <\/p>\n<p class=\"link-more\"><a href=\"https:\/\/michiokurata.com\/?page_id=1157\" class=\"more-link\">Continuer la lecture<span class=\"screen-reader-text\"> de &laquo;&nbsp;Moto&nbsp;&raquo;<\/span><\/a><\/p>\n","protected":false},"author":1,"featured_media":0,"parent":0,"menu_order":0,"comment_status":"closed","ping_status":"closed","template":"","meta":{"footnotes":""},"class_list":["post-1157","page","type-page","status-publish","hentry"],"aioseo_notices":[],"_links":{"self":[{"href":"https:\/\/michiokurata.com\/index.php?rest_route=\/wp\/v2\/pages\/1157","targetHints":{"allow":["GET"]}}],"collection":[{"href":"https:\/\/michiokurata.com\/index.php?rest_route=\/wp\/v2\/pages"}],"about":[{"href":"https:\/\/michiokurata.com\/index.php?rest_route=\/wp\/v2\/types\/page"}],"author":[{"embeddable":true,"href":"https:\/\/michiokurata.com\/index.php?rest_route=\/wp\/v2\/users\/1"}],"replies":[{"embeddable":true,"href":"https:\/\/michiokurata.com\/index.php?rest_route=%2Fwp%2Fv2%2Fcomments&post=1157"}],"version-history":[{"count":27,"href":"https:\/\/michiokurata.com\/index.php?rest_route=\/wp\/v2\/pages\/1157\/revisions"}],"predecessor-version":[{"id":2157,"href":"https:\/\/michiokurata.com\/index.php?rest_route=\/wp\/v2\/pages\/1157\/revisions\/2157"}],"wp:attachment":[{"href":"https:\/\/michiokurata.com\/index.php?rest_route=%2Fwp%2Fv2%2Fmedia&parent=1157"}],"curies":[{"name":"wp","href":"https:\/\/api.w.org\/{rel}","templated":true}]}}