{"id":1169,"date":"2022-06-09T10:16:03","date_gmt":"2022-06-09T08:16:03","guid":{"rendered":"https:\/\/michiokurata.com\/?page_id=1169"},"modified":"2022-10-04T16:23:02","modified_gmt":"2022-10-04T14:23:02","slug":"sports","status":"publish","type":"page","link":"https:\/\/michiokurata.com\/?page_id=1169","title":{"rendered":"Sport"},"content":{"rendered":"<div class=\"aioseo-breadcrumbs\"><span class=\"aioseo-breadcrumb\">\n\t\t\tHome\n\t\t<\/span><\/div>\n\n\n<p><\/p>\n\n\n\n<p class=\"has-medium-font-size\">Hum, \u00e7a sent bon la transpiration et les rigolades par ici !<br><\/p>\n\n\n\n<div class=\"wp-block-media-text alignfull is-stacked-on-mobile is-vertically-aligned-top is-style-default\" style=\"grid-template-columns:41% auto\"><figure class=\"wp-block-media-text__media\"><img loading=\"lazy\" decoding=\"async\" width=\"640\" height=\"1024\" src=\"https:\/\/michiokurata.com\/wp-content\/uploads\/2022\/06\/FOND-SITE-SPORT-VERTICAL-640x1024.jpg\" alt=\"\" class=\"wp-image-1336 size-full\" srcset=\"https:\/\/michiokurata.com\/wp-content\/uploads\/2022\/06\/FOND-SITE-SPORT-VERTICAL-640x1024.jpg 640w, https:\/\/michiokurata.com\/wp-content\/uploads\/2022\/06\/FOND-SITE-SPORT-VERTICAL-188x300.jpg 188w, https:\/\/michiokurata.com\/wp-content\/uploads\/2022\/06\/FOND-SITE-SPORT-VERTICAL-768x1229.jpg 768w, https:\/\/michiokurata.com\/wp-content\/uploads\/2022\/06\/FOND-SITE-SPORT-VERTICAL-960x1536.jpg 960w, https:\/\/michiokurata.com\/wp-content\/uploads\/2022\/06\/FOND-SITE-SPORT-VERTICAL-1280x2048.jpg 1280w, https:\/\/michiokurata.com\/wp-content\/uploads\/2022\/06\/FOND-SITE-SPORT-VERTICAL-scaled.jpg 1600w\" sizes=\"auto, (max-width: 640px) 100vw, 640px\" \/><\/figure><div class=\"wp-block-media-text__content\">\n<h2 class=\"has-text-color has-medium-font-size wp-block-heading\" style=\"color:#000000;font-style:normal;font-weight:400\">\u00c7a donne envie, hein ?<\/h2>\n\n\n\n<p class=\"has-medium-font-size\">Bref, vieux diesel cinquantenaire, et apr\u00e8s 12 ans de judo, 18 ans de baseball (on m&rsquo;appelait d\u00e9j\u00e0 papy&#8230;), 10 ans de karat\u00e9, passage au triathlon en 2016&#8230;<br><br>Prendre du plaisir, se d\u00e9passer (d\u00e9passer les autres si possible aussi !), et rigoler avec les copains !<br><br>#SwimBikeRun #lesfousducollant #brigadedustyle<\/p>\n<\/div><\/div>\n\n\n\n<p class=\"has-medium-font-size\">Des compte-rendus de courses, de sorties entre potes, des choix de matos, &#8230;<\/p>\n\n\n\n<p class=\"has-text-align-center has-x-large-font-size\">Coming soon&#8230;<\/p>\n\n\n\n<div class=\"wp-block-media-text alignwide is-stacked-on-mobile\"><figure class=\"wp-block-media-text__media\"><a href=\"https:\/\/michiokurata.com\/?page_id=1413\"><img loading=\"lazy\" decoding=\"async\" width=\"1024\" height=\"640\" src=\"https:\/\/michiokurata.com\/wp-content\/uploads\/2022\/07\/FOND-SITE-SPORT-RUBRIQUE-1024x640.jpg\" alt=\"\" class=\"wp-image-1351 size-full\" srcset=\"https:\/\/michiokurata.com\/wp-content\/uploads\/2022\/07\/FOND-SITE-SPORT-RUBRIQUE-1024x640.jpg 1024w, https:\/\/michiokurata.com\/wp-content\/uploads\/2022\/07\/FOND-SITE-SPORT-RUBRIQUE-300x188.jpg 300w, https:\/\/michiokurata.com\/wp-content\/uploads\/2022\/07\/FOND-SITE-SPORT-RUBRIQUE-768x480.jpg 768w, https:\/\/michiokurata.com\/wp-content\/uploads\/2022\/07\/FOND-SITE-SPORT-RUBRIQUE-1536x960.jpg 1536w, https:\/\/michiokurata.com\/wp-content\/uploads\/2022\/07\/FOND-SITE-SPORT-RUBRIQUE-2048x1280.jpg 2048w\" sizes=\"auto, (max-width: 706px) 89vw, (max-width: 767px) 82vw, 740px\" \/><\/a><\/figure><div class=\"wp-block-media-text__content\">\n<p class=\"has-medium-font-size\">Courses et entra\u00eenements<br>(ouais, c&rsquo;est souvent pas g\u00e9nial, mais d\u00e9j\u00e0, moi, j&rsquo;ai pas pass\u00e9 mon weekend dans le canap\u00e9)<\/p>\n<\/div><\/div>\n\n\n\n<div class=\"wp-block-media-text alignwide is-stacked-on-mobile\"><figure class=\"wp-block-media-text__media\"><a href=\"https:\/\/michiokurata.com\/?page_id=1416\"><img loading=\"lazy\" decoding=\"async\" width=\"1024\" height=\"640\" src=\"https:\/\/michiokurata.com\/wp-content\/uploads\/2022\/07\/FOND-TEST-MATOS-SPORT-1024x640.jpg\" alt=\"\" class=\"wp-image-1353 size-full\" srcset=\"https:\/\/michiokurata.com\/wp-content\/uploads\/2022\/07\/FOND-TEST-MATOS-SPORT-1024x640.jpg 1024w, https:\/\/michiokurata.com\/wp-content\/uploads\/2022\/07\/FOND-TEST-MATOS-SPORT-300x188.jpg 300w, https:\/\/michiokurata.com\/wp-content\/uploads\/2022\/07\/FOND-TEST-MATOS-SPORT-768x480.jpg 768w, https:\/\/michiokurata.com\/wp-content\/uploads\/2022\/07\/FOND-TEST-MATOS-SPORT-1536x960.jpg 1536w, https:\/\/michiokurata.com\/wp-content\/uploads\/2022\/07\/FOND-TEST-MATOS-SPORT-2048x1280.jpg 2048w\" sizes=\"auto, (max-width: 706px) 89vw, (max-width: 767px) 82vw, 740px\" \/><\/a><\/figure><div class=\"wp-block-media-text__content\">\n<p class=\"has-medium-font-size\">Matos<br>(quand t&rsquo;as pas de jambes tu soigne ton style, important le look)<\/p>\n\n\n\n<p><\/p>\n<\/div><\/div>\n\n\n\n<p><\/p>\n\n\n<ul class=\"wp-block-latest-posts__list wp-block-latest-posts\"><\/ul>\n\n<ul class=\"wp-block-archives-list wp-block-archives\">\t<li><a href='https:\/\/michiokurata.com\/?m=202507'>juillet 2025<\/a><\/li>\n\t<li><a href='https:\/\/michiokurata.com\/?m=202408'>ao\u00fbt 2024<\/a><\/li>\n\t<li><a href='https:\/\/michiokurata.com\/?m=202407'>juillet 2024<\/a><\/li>\n\t<li><a href='https:\/\/michiokurata.com\/?m=202403'>mars 2024<\/a><\/li>\n\t<li><a href='https:\/\/michiokurata.com\/?m=202401'>janvier 2024<\/a><\/li>\n\t<li><a href='https:\/\/michiokurata.com\/?m=202312'>d\u00e9cembre 2023<\/a><\/li>\n\t<li><a href='https:\/\/michiokurata.com\/?m=202311'>novembre 2023<\/a><\/li>\n\t<li><a href='https:\/\/michiokurata.com\/?m=202310'>octobre 2023<\/a><\/li>\n\t<li><a href='https:\/\/michiokurata.com\/?m=202302'>f\u00e9vrier 2023<\/a><\/li>\n\t<li><a href='https:\/\/michiokurata.com\/?m=202212'>d\u00e9cembre 2022<\/a><\/li>\n\t<li><a href='https:\/\/michiokurata.com\/?m=202211'>novembre 2022<\/a><\/li>\n\t<li><a href='https:\/\/michiokurata.com\/?m=202210'>octobre 2022<\/a><\/li>\n\t<li><a href='https:\/\/michiokurata.com\/?m=202209'>septembre 2022<\/a><\/li>\n\t<li><a href='https:\/\/michiokurata.com\/?m=202207'>juillet 2022<\/a><\/li>\n<\/ul>","protected":false},"excerpt":{"rendered":"<p>Hum, \u00e7a sent bon la transpiration et les rigolades par ici ! \u00c7a donne envie, hein ? Bref, vieux diesel cinquantenaire, et apr\u00e8s 12 ans de judo, 18 ans de baseball (on m&rsquo;appelait d\u00e9j\u00e0 papy&#8230;), 10 ans de karat\u00e9, passage au triathlon en 2016&#8230; Prendre du plaisir, se d\u00e9passer (d\u00e9passer les autres si possible aussi &hellip; <\/p>\n<p class=\"link-more\"><a href=\"https:\/\/michiokurata.com\/?page_id=1169\" class=\"more-link\">Continuer la lecture<span class=\"screen-reader-text\"> de &laquo;&nbsp;Sport&nbsp;&raquo;<\/span><\/a><\/p>\n","protected":false},"author":1,"featured_media":0,"parent":0,"menu_order":0,"comment_status":"closed","ping_status":"closed","template":"","meta":{"footnotes":""},"class_list":["post-1169","page","type-page","status-publish","hentry"],"aioseo_notices":[],"_links":{"self":[{"href":"https:\/\/michiokurata.com\/index.php?rest_route=\/wp\/v2\/pages\/1169","targetHints":{"allow":["GET"]}}],"collection":[{"href":"https:\/\/michiokurata.com\/index.php?rest_route=\/wp\/v2\/pages"}],"about":[{"href":"https:\/\/michiokurata.com\/index.php?rest_route=\/wp\/v2\/types\/page"}],"author":[{"embeddable":true,"href":"https:\/\/michiokurata.com\/index.php?rest_route=\/wp\/v2\/users\/1"}],"replies":[{"embeddable":true,"href":"https:\/\/michiokurata.com\/index.php?rest_route=%2Fwp%2Fv2%2Fcomments&post=1169"}],"version-history":[{"count":22,"href":"https:\/\/michiokurata.com\/index.php?rest_route=\/wp\/v2\/pages\/1169\/revisions"}],"predecessor-version":[{"id":1661,"href":"https:\/\/michiokurata.com\/index.php?rest_route=\/wp\/v2\/pages\/1169\/revisions\/1661"}],"wp:attachment":[{"href":"https:\/\/michiokurata.com\/index.php?rest_route=%2Fwp%2Fv2%2Fmedia&parent=1169"}],"curies":[{"name":"wp","href":"https:\/\/api.w.org\/{rel}","templated":true}]}}