{"id":1400,"date":"2022-07-05T23:12:18","date_gmt":"2022-07-05T21:12:18","guid":{"rendered":"https:\/\/michiokurata.com\/?page_id=1400"},"modified":"2022-10-04T16:07:20","modified_gmt":"2022-10-04T14:07:20","slug":"matos-moto","status":"publish","type":"page","link":"https:\/\/michiokurata.com\/?page_id=1400","title":{"rendered":"MATOS MOTO"},"content":{"rendered":"<div class=\"aioseo-breadcrumbs\"><span class=\"aioseo-breadcrumb\">\n\t\t\tHome\n\t\t<\/span><\/div>\n\n\n<p>Tu commences avec un casque, presque au hasard, un pantalon quelconque, une veste super top \u00e9tanche de la mort (enfin, il para\u00eet, &#8230;), et tu grandis jeune padawan motard, alors tu apprends de tes erreurs !<\/p>\n\n\n\n<div class=\"wp-block-media-text alignwide is-stacked-on-mobile\"><figure class=\"wp-block-media-text__media\"><img loading=\"lazy\" decoding=\"async\" width=\"1024\" height=\"640\" src=\"https:\/\/michiokurata.com\/wp-content\/uploads\/2022\/07\/FOND-TEST-MATOS-MOTO-1024x640.jpg\" alt=\"Mat\u00e9riel du motard\" class=\"wp-image-1346 size-full\" srcset=\"https:\/\/michiokurata.com\/wp-content\/uploads\/2022\/07\/FOND-TEST-MATOS-MOTO-1024x640.jpg 1024w, https:\/\/michiokurata.com\/wp-content\/uploads\/2022\/07\/FOND-TEST-MATOS-MOTO-300x188.jpg 300w, https:\/\/michiokurata.com\/wp-content\/uploads\/2022\/07\/FOND-TEST-MATOS-MOTO-768x480.jpg 768w, https:\/\/michiokurata.com\/wp-content\/uploads\/2022\/07\/FOND-TEST-MATOS-MOTO-1536x960.jpg 1536w, https:\/\/michiokurata.com\/wp-content\/uploads\/2022\/07\/FOND-TEST-MATOS-MOTO-2048x1280.jpg 2048w\" sizes=\"auto, (max-width: 706px) 89vw, (max-width: 767px) 82vw, 740px\" \/><\/figure><div class=\"wp-block-media-text__content\">\n<p class=\"has-medium-font-size\">Alors, pourquoi le matos que je porte aujourd&rsquo;hui ?<br>Et si je devais prendre autre chose, \u00e7a  serait quoi ?<\/p>\n<\/div><\/div>\n\n\n\n<p>Pourquoi les bottes WebGoretex, le pantalon cuir\/synth\u00e9tique Rev&rsquo;It Ignition, le blouson Bering Hanson, le casque Shoei Neotec2, &#8230; ?<\/p>\n\n\n\n<p><\/p>\n\n\n<ul class=\"wp-block-latest-posts__list has-dates wp-block-latest-posts\"><li><div class=\"wp-block-latest-posts__featured-image alignleft\"><a href=\"https:\/\/michiokurata.com\/?p=2005\" aria-label=\"Le mat\u00e9riel du motard geek\"><img loading=\"lazy\" decoding=\"async\" width=\"150\" height=\"150\" src=\"https:\/\/michiokurata.com\/wp-content\/uploads\/2024\/02\/IMG_8106-copie-150x150.jpg\" class=\"attachment-thumbnail size-thumbnail wp-post-image\" alt=\"\" style=\"max-width:113px;max-height:113px;\" srcset=\"https:\/\/michiokurata.com\/wp-content\/uploads\/2024\/02\/IMG_8106-copie-150x150.jpg 150w, https:\/\/michiokurata.com\/wp-content\/uploads\/2024\/02\/IMG_8106-copie-100x100.jpg 100w, https:\/\/michiokurata.com\/wp-content\/uploads\/2024\/02\/IMG_8106-copie-45x45.jpg 45w\" sizes=\"auto, 100vw\" \/><\/a><\/div><a class=\"wp-block-latest-posts__post-title\" href=\"https:\/\/michiokurata.com\/?p=2005\">Le mat\u00e9riel du motard geek<\/a><time datetime=\"2025-07-17T12:16:05+02:00\" class=\"wp-block-latest-posts__post-date\">17\/07\/2025<\/time><div class=\"wp-block-latest-posts__post-excerpt\">Mat\u00e9riel vid\u00e9o, photo, informatique, et moto&#8230; Un rapide (euh, non, un long, tr\u00e8s long m\u00eame) tour du propri\u00e9taire de tout &hellip; <p class=\"link-more\"><a href=\"https:\/\/michiokurata.com\/?p=2005\" class=\"more-link\">Continuer la lecture<span class=\"screen-reader-text\"> de &laquo;&nbsp;Le mat\u00e9riel du motard geek&nbsp;&raquo;<\/span><\/a><\/p><\/div><\/li>\n<li><a class=\"wp-block-latest-posts__post-title\" href=\"https:\/\/michiokurata.com\/?p=1881\">V\u00eatements chauffants Keis : pantalon T103RP et veste J505RP<\/a><time datetime=\"2023-10-12T16:11:45+02:00\" class=\"wp-block-latest-posts__post-date\">12\/10\/2023<\/time><div class=\"wp-block-latest-posts__post-excerpt\">Signe de la vieillerie qui fait son oeuvre, et avant de passer \u00e0 la remorque pour les liaisons, le P\u00e8re &hellip; <p class=\"link-more\"><a href=\"https:\/\/michiokurata.com\/?p=1881\" class=\"more-link\">Continuer la lecture<span class=\"screen-reader-text\"> de &laquo;&nbsp;V\u00eatements chauffants Keis : pantalon T103RP et veste J505RP&nbsp;&raquo;<\/span><\/a><\/p><\/div><\/li>\n<li><a class=\"wp-block-latest-posts__post-title\" href=\"https:\/\/michiokurata.com\/?p=1438\">Insta360 One X2 : premiers essais<\/a><time datetime=\"2022-07-07T15:58:24+02:00\" class=\"wp-block-latest-posts__post-date\">07\/07\/2022<\/time><div class=\"wp-block-latest-posts__post-excerpt\">Premier essai vid\u00e9o de la INSTA360 ONE X2 sur la moto, avec diff\u00e9rents positionnements et changements de vues, diff\u00e9rents supports.Pas &hellip; <p class=\"link-more\"><a href=\"https:\/\/michiokurata.com\/?p=1438\" class=\"more-link\">Continuer la lecture<span class=\"screen-reader-text\"> de &laquo;&nbsp;Insta360 One X2 : premiers essais&nbsp;&raquo;<\/span><\/a><\/p><\/div><\/li>\n<\/ul>\n\n<ul class=\"wp-block-archives-list wp-block-archives\">\t<li><a href='https:\/\/michiokurata.com\/?m=202507'>juillet 2025<\/a><\/li>\n\t<li><a href='https:\/\/michiokurata.com\/?m=202408'>ao\u00fbt 2024<\/a><\/li>\n\t<li><a href='https:\/\/michiokurata.com\/?m=202407'>juillet 2024<\/a><\/li>\n\t<li><a href='https:\/\/michiokurata.com\/?m=202403'>mars 2024<\/a><\/li>\n\t<li><a href='https:\/\/michiokurata.com\/?m=202401'>janvier 2024<\/a><\/li>\n\t<li><a href='https:\/\/michiokurata.com\/?m=202312'>d\u00e9cembre 2023<\/a><\/li>\n\t<li><a href='https:\/\/michiokurata.com\/?m=202311'>novembre 2023<\/a><\/li>\n\t<li><a href='https:\/\/michiokurata.com\/?m=202310'>octobre 2023<\/a><\/li>\n\t<li><a href='https:\/\/michiokurata.com\/?m=202302'>f\u00e9vrier 2023<\/a><\/li>\n\t<li><a href='https:\/\/michiokurata.com\/?m=202212'>d\u00e9cembre 2022<\/a><\/li>\n\t<li><a href='https:\/\/michiokurata.com\/?m=202211'>novembre 2022<\/a><\/li>\n\t<li><a href='https:\/\/michiokurata.com\/?m=202210'>octobre 2022<\/a><\/li>\n\t<li><a href='https:\/\/michiokurata.com\/?m=202209'>septembre 2022<\/a><\/li>\n\t<li><a href='https:\/\/michiokurata.com\/?m=202207'>juillet 2022<\/a><\/li>\n<\/ul>","protected":false},"excerpt":{"rendered":"<p>Tu commences avec un casque, presque au hasard, un pantalon quelconque, une veste super top \u00e9tanche de la mort (enfin, il para\u00eet, &#8230;), et tu grandis jeune padawan motard, alors tu apprends de tes erreurs ! Alors, pourquoi le matos que je porte aujourd&rsquo;hui ?Et si je devais prendre autre chose, \u00e7a serait quoi ? &hellip; <\/p>\n<p class=\"link-more\"><a href=\"https:\/\/michiokurata.com\/?page_id=1400\" class=\"more-link\">Continuer la lecture<span class=\"screen-reader-text\"> de &laquo;&nbsp;MATOS MOTO&nbsp;&raquo;<\/span><\/a><\/p>\n","protected":false},"author":1,"featured_media":0,"parent":1157,"menu_order":1,"comment_status":"closed","ping_status":"closed","template":"","meta":{"footnotes":""},"class_list":["post-1400","page","type-page","status-publish","hentry"],"aioseo_notices":[],"_links":{"self":[{"href":"https:\/\/michiokurata.com\/index.php?rest_route=\/wp\/v2\/pages\/1400","targetHints":{"allow":["GET"]}}],"collection":[{"href":"https:\/\/michiokurata.com\/index.php?rest_route=\/wp\/v2\/pages"}],"about":[{"href":"https:\/\/michiokurata.com\/index.php?rest_route=\/wp\/v2\/types\/page"}],"author":[{"embeddable":true,"href":"https:\/\/michiokurata.com\/index.php?rest_route=\/wp\/v2\/users\/1"}],"replies":[{"embeddable":true,"href":"https:\/\/michiokurata.com\/index.php?rest_route=%2Fwp%2Fv2%2Fcomments&post=1400"}],"version-history":[{"count":9,"href":"https:\/\/michiokurata.com\/index.php?rest_route=\/wp\/v2\/pages\/1400\/revisions"}],"predecessor-version":[{"id":1647,"href":"https:\/\/michiokurata.com\/index.php?rest_route=\/wp\/v2\/pages\/1400\/revisions\/1647"}],"up":[{"embeddable":true,"href":"https:\/\/michiokurata.com\/index.php?rest_route=\/wp\/v2\/pages\/1157"}],"wp:attachment":[{"href":"https:\/\/michiokurata.com\/index.php?rest_route=%2Fwp%2Fv2%2Fmedia&parent=1400"}],"curies":[{"name":"wp","href":"https:\/\/api.w.org\/{rel}","templated":true}]}}